{"id":5133,"date":"2026-04-23T05:26:17","date_gmt":"2026-04-23T05:26:17","guid":{"rendered":"https:\/\/cognitionconferences.com\/environmentalscience\/?post_type=speaker&#038;p=5133"},"modified":"2026-04-23T05:26:17","modified_gmt":"2026-04-23T05:26:17","slug":"josef-krecek","status":"publish","type":"speaker","link":"https:\/\/cognitionconferences.com\/environmentalscience\/speaker\/josef-krecek\/","title":{"rendered":"Josef K\u0159e\u010dek"},"content":{"rendered":"<p><strong>Abstract<\/strong><\/p>\n<p>Watersheds in mountainous regions provide water resources available to large downstream areas. Acidification of mountain waters leads to problems in water quality with impacts to drinking water supply and biodiversity conservation. From 1982 to 2025, the effects of air pollution, acid atmospheric deposition, and forest canopy on acidification of headwater catchments in the Jizera Mountains (North Bohemia, Czech Republic) were studied. The archive of LANDSAT imagery and a field inventory were used to reconstruct changes in the vegetative cover. The atmospheric deposition of acidic substances (sulphate, nitrate, and ammonia) in the studied catchments was approximated by a spatial interpolation. The acid atmospheric load culminated in the 1980s. The Helsinki protocol on the reduction of sulphur emissions led to a reduction in open field deposition of sulphur, but the atmospheric deposition of sulphur and nitrogen is also controlled by the vegetative canopy. A drop in the acid load and a recovery of surface waters from acidification were observed with the harvest of spruce forests. The interrelationship between the management of watersheds and drinking water reservoirs was monitored as well. The existing land use policy, institutes of \u2018protected headwater area\u2019 and \u2018zones of hygienic protection\u2019 (Water Act 138\/1973) were ineffective in this situation. In a catchment scale, the proposed scenario of structured forestry zones (respecting riparian buffers, stability of steep slopes, significant fog drip areas, peat spots) can decrease the annual load of sulphur and nitrogen by approx 30%. However, an effective recovery of headwater catchments is also affected by aspects of global climate change and mitigation practices, as well as active citizenship.<\/p>\n","protected":false},"featured_media":5082,"template":"","meta":{"_acf_changed":false},"schedule":[],"speaker-category":[],"class_list":["post-5133","speaker","type-speaker","status-publish","has-post-thumbnail","hentry"],"acf":[],"yoast_head":"<!-- This site is optimized with the Yoast SEO plugin v26.8 - https:\/\/yoast.com\/product\/yoast-seo-wordpress\/ -->\n<title>Josef K\u0159e\u010dek | Czech Technical University in Prague | Czechia<\/title>\n<meta name=\"description\" content=\"Josef K\u0159e\u010dek has completed his PhD at the age of 26 years from the Czech Technical University in Prague.\" \/>\n<meta name=\"robots\" content=\"index, follow, max-snippet:-1, max-image-preview:large, max-video-preview:-1\" \/>\n<link rel=\"canonical\" href=\"https:\/\/cognitionconferences.com\/environmentalscience\/speaker\/josef-krecek\/\" \/>\n<meta property=\"og:locale\" content=\"en_US\" \/>\n<meta property=\"og:type\" content=\"article\" \/>\n<meta property=\"og:title\" content=\"Josef K\u0159e\u010dek | Czech Technical University in Prague | Czechia\" \/>\n<meta property=\"og:description\" content=\"Josef K\u0159e\u010dek has completed his PhD at the age of 26 years from the Czech Technical University in Prague.\" \/>\n<meta property=\"og:url\" content=\"https:\/\/cognitionconferences.com\/environmentalscience\/speaker\/josef-krecek\/\" \/>\n<meta property=\"og:site_name\" content=\"Cognition Conferences\" \/>\n<meta property=\"og:image\" content=\"https:\/\/cognitionconferences.com\/environmentalscience\/wp-content\/uploads\/2026\/03\/Josef-Krecek.jpg\" \/>\n\t<meta property=\"og:image:width\" content=\"233\" \/>\n\t<meta property=\"og:image:height\" content=\"320\" \/>\n\t<meta property=\"og:image:type\" content=\"image\/jpeg\" \/>\n<meta name=\"twitter:card\" content=\"summary_large_image\" \/>\n<meta name=\"twitter:label1\" content=\"Est. reading time\" \/>\n\t<meta name=\"twitter:data1\" content=\"2 minutes\" \/>\n<script type=\"application\/ld+json\" class=\"yoast-schema-graph\">{\"@context\":\"https:\/\/schema.org\",\"@graph\":[{\"@type\":\"WebPage\",\"@id\":\"https:\/\/cognitionconferences.com\/environmentalscience\/speaker\/josef-krecek\/\",\"url\":\"https:\/\/cognitionconferences.com\/environmentalscience\/speaker\/josef-krecek\/\",\"name\":\"Josef K\u0159e\u010dek | Czech Technical University in Prague | Czechia\",\"isPartOf\":{\"@id\":\"https:\/\/cognitionconferences.com\/environmentalscience\/#website\"},\"primaryImageOfPage\":{\"@id\":\"https:\/\/cognitionconferences.com\/environmentalscience\/speaker\/josef-krecek\/#primaryimage\"},\"image\":{\"@id\":\"https:\/\/cognitionconferences.com\/environmentalscience\/speaker\/josef-krecek\/#primaryimage\"},\"thumbnailUrl\":\"https:\/\/cognitionconferences.com\/environmentalscience\/wp-content\/uploads\/2026\/03\/Josef-Krecek.jpg\",\"datePublished\":\"2026-04-23T05:26:17+00:00\",\"description\":\"Josef K\u0159e\u010dek has completed his PhD at the age of 26 years from the Czech Technical University in Prague.\",\"breadcrumb\":{\"@id\":\"https:\/\/cognitionconferences.com\/environmentalscience\/speaker\/josef-krecek\/#breadcrumb\"},\"inLanguage\":\"en-US\",\"potentialAction\":[{\"@type\":\"ReadAction\",\"target\":[\"https:\/\/cognitionconferences.com\/environmentalscience\/speaker\/josef-krecek\/\"]}]},{\"@type\":\"ImageObject\",\"inLanguage\":\"en-US\",\"@id\":\"https:\/\/cognitionconferences.com\/environmentalscience\/speaker\/josef-krecek\/#primaryimage\",\"url\":\"https:\/\/cognitionconferences.com\/environmentalscience\/wp-content\/uploads\/2026\/03\/Josef-Krecek.jpg\",\"contentUrl\":\"https:\/\/cognitionconferences.com\/environmentalscience\/wp-content\/uploads\/2026\/03\/Josef-Krecek.jpg\",\"width\":233,\"height\":320},{\"@type\":\"BreadcrumbList\",\"@id\":\"https:\/\/cognitionconferences.com\/environmentalscience\/speaker\/josef-krecek\/#breadcrumb\",\"itemListElement\":[{\"@type\":\"ListItem\",\"position\":1,\"name\":\"Home\",\"item\":\"https:\/\/cognitionconferences.com\/environmentalscience\/\"},{\"@type\":\"ListItem\",\"position\":2,\"name\":\"Josef K\u0159e\u010dek\"}]},{\"@type\":\"WebSite\",\"@id\":\"https:\/\/cognitionconferences.com\/environmentalscience\/#website\",\"url\":\"https:\/\/cognitionconferences.com\/environmentalscience\/\",\"name\":\"Cognition Conferences\",\"description\":\"\",\"potentialAction\":[{\"@type\":\"SearchAction\",\"target\":{\"@type\":\"EntryPoint\",\"urlTemplate\":\"https:\/\/cognitionconferences.com\/environmentalscience\/?s={search_term_string}\"},\"query-input\":{\"@type\":\"PropertyValueSpecification\",\"valueRequired\":true,\"valueName\":\"search_term_string\"}}],\"inLanguage\":\"en-US\"}]}<\/script>\n<!-- \/ Yoast SEO plugin. -->","yoast_head_json":{"title":"Josef K\u0159e\u010dek | Czech Technical University in Prague | Czechia","description":"Josef K\u0159e\u010dek has completed his PhD at the age of 26 years from the Czech Technical University in Prague.","robots":{"index":"index","follow":"follow","max-snippet":"max-snippet:-1","max-image-preview":"max-image-preview:large","max-video-preview":"max-video-preview:-1"},"canonical":"https:\/\/cognitionconferences.com\/environmentalscience\/speaker\/josef-krecek\/","og_locale":"en_US","og_type":"article","og_title":"Josef K\u0159e\u010dek | Czech Technical University in Prague | Czechia","og_description":"Josef K\u0159e\u010dek has completed his PhD at the age of 26 years from the Czech Technical University in Prague.","og_url":"https:\/\/cognitionconferences.com\/environmentalscience\/speaker\/josef-krecek\/","og_site_name":"Cognition Conferences","og_image":[{"width":233,"height":320,"url":"https:\/\/cognitionconferences.com\/environmentalscience\/wp-content\/uploads\/2026\/03\/Josef-Krecek.jpg","type":"image\/jpeg"}],"twitter_card":"summary_large_image","twitter_misc":{"Est. reading time":"2 minutes"},"schema":{"@context":"https:\/\/schema.org","@graph":[{"@type":"WebPage","@id":"https:\/\/cognitionconferences.com\/environmentalscience\/speaker\/josef-krecek\/","url":"https:\/\/cognitionconferences.com\/environmentalscience\/speaker\/josef-krecek\/","name":"Josef K\u0159e\u010dek | Czech Technical University in Prague | Czechia","isPartOf":{"@id":"https:\/\/cognitionconferences.com\/environmentalscience\/#website"},"primaryImageOfPage":{"@id":"https:\/\/cognitionconferences.com\/environmentalscience\/speaker\/josef-krecek\/#primaryimage"},"image":{"@id":"https:\/\/cognitionconferences.com\/environmentalscience\/speaker\/josef-krecek\/#primaryimage"},"thumbnailUrl":"https:\/\/cognitionconferences.com\/environmentalscience\/wp-content\/uploads\/2026\/03\/Josef-Krecek.jpg","datePublished":"2026-04-23T05:26:17+00:00","description":"Josef K\u0159e\u010dek has completed his PhD at the age of 26 years from the Czech Technical University in Prague.","breadcrumb":{"@id":"https:\/\/cognitionconferences.com\/environmentalscience\/speaker\/josef-krecek\/#breadcrumb"},"inLanguage":"en-US","potentialAction":[{"@type":"ReadAction","target":["https:\/\/cognitionconferences.com\/environmentalscience\/speaker\/josef-krecek\/"]}]},{"@type":"ImageObject","inLanguage":"en-US","@id":"https:\/\/cognitionconferences.com\/environmentalscience\/speaker\/josef-krecek\/#primaryimage","url":"https:\/\/cognitionconferences.com\/environmentalscience\/wp-content\/uploads\/2026\/03\/Josef-Krecek.jpg","contentUrl":"https:\/\/cognitionconferences.com\/environmentalscience\/wp-content\/uploads\/2026\/03\/Josef-Krecek.jpg","width":233,"height":320},{"@type":"BreadcrumbList","@id":"https:\/\/cognitionconferences.com\/environmentalscience\/speaker\/josef-krecek\/#breadcrumb","itemListElement":[{"@type":"ListItem","position":1,"name":"Home","item":"https:\/\/cognitionconferences.com\/environmentalscience\/"},{"@type":"ListItem","position":2,"name":"Josef K\u0159e\u010dek"}]},{"@type":"WebSite","@id":"https:\/\/cognitionconferences.com\/environmentalscience\/#website","url":"https:\/\/cognitionconferences.com\/environmentalscience\/","name":"Cognition Conferences","description":"","potentialAction":[{"@type":"SearchAction","target":{"@type":"EntryPoint","urlTemplate":"https:\/\/cognitionconferences.com\/environmentalscience\/?s={search_term_string}"},"query-input":{"@type":"PropertyValueSpecification","valueRequired":true,"valueName":"search_term_string"}}],"inLanguage":"en-US"}]}},"_links":{"self":[{"href":"https:\/\/cognitionconferences.com\/environmentalscience\/wp-json\/wp\/v2\/speaker\/5133","targetHints":{"allow":["GET"]}}],"collection":[{"href":"https:\/\/cognitionconferences.com\/environmentalscience\/wp-json\/wp\/v2\/speaker"}],"about":[{"href":"https:\/\/cognitionconferences.com\/environmentalscience\/wp-json\/wp\/v2\/types\/speaker"}],"wp:featuredmedia":[{"embeddable":true,"href":"https:\/\/cognitionconferences.com\/environmentalscience\/wp-json\/wp\/v2\/media\/5082"}],"wp:attachment":[{"href":"https:\/\/cognitionconferences.com\/environmentalscience\/wp-json\/wp\/v2\/media?parent=5133"}],"wp:term":[{"taxonomy":"schedule","embeddable":true,"href":"https:\/\/cognitionconferences.com\/environmentalscience\/wp-json\/wp\/v2\/schedule?post=5133"},{"taxonomy":"speaker-category","embeddable":true,"href":"https:\/\/cognitionconferences.com\/environmentalscience\/wp-json\/wp\/v2\/speaker-category?post=5133"}],"curies":[{"name":"wp","href":"https:\/\/api.w.org\/{rel}","templated":true}]}}

Josef Křeček

<!-- This site is optimized with the Yoast SEO plugin v26.8 - https://yoast.com/product/yoast-seo-wordpress/ -->
<title>Josef Křeček | Czech Technical University in Prague | Czechia</title>
<meta name="description" content="Josef Křeček has completed his PhD at the age of 26 years from the Czech Technical University in Prague." />
<meta name="robots" content="index, follow, max-snippet:-1, max-image-preview:large, max-video-preview:-1" />
<link rel="canonical" href="https://cognitionconferences.com/environmentalscience/speaker/josef-krecek/" />
<meta property="og:locale" content="en_US" />
<meta property="og:type" content="article" />
<meta property="og:title" content="Josef Křeček | Czech Technical University in Prague | Czechia" />
<meta property="og:description" content="Josef Křeček has completed his PhD at the age of 26 years from the Czech Technical University in Prague." />
<meta property="og:url" content="https://cognitionconferences.com/environmentalscience/speaker/josef-krecek/" />
<meta property="og:site_name" content="Cognition Conferences" />
<meta property="og:image" content="https://cognitionconferences.com/environmentalscience/wp-content/uploads/2026/03/Josef-Krecek.jpg" />
	<meta property="og:image:width" content="233" />
	<meta property="og:image:height" content="320" />
	<meta property="og:image:type" content="image/jpeg" />
<meta name="twitter:card" content="summary_large_image" />
<meta name="twitter:label1" content="Est. reading time" />
	<meta name="twitter:data1" content="2 minutes" />
<script type="application/ld+json" class="yoast-schema-graph">{"@context":"https://schema.org","@graph":[{"@type":"WebPage","@id":"https://cognitionconferences.com/environmentalscience/speaker/josef-krecek/","url":"https://cognitionconferences.com/environmentalscience/speaker/josef-krecek/","name":"Josef Křeček | Czech Technical University in Prague | Czechia","isPartOf":{"@id":"https://cognitionconferences.com/environmentalscience/#website"},"primaryImageOfPage":{"@id":"https://cognitionconferences.com/environmentalscience/speaker/josef-krecek/#primaryimage"},"image":{"@id":"https://cognitionconferences.com/environmentalscience/speaker/josef-krecek/#primaryimage"},"thumbnailUrl":"https://cognitionconferences.com/environmentalscience/wp-content/uploads/2026/03/Josef-Krecek.jpg","datePublished":"2026-04-23T05:26:17+00:00","description":"Josef Křeček has completed his PhD at the age of 26 years from the Czech Technical University in Prague.","breadcrumb":{"@id":"https://cognitionconferences.com/environmentalscience/speaker/josef-krecek/#breadcrumb"},"inLanguage":"en-US","potentialAction":[{"@type":"ReadAction","target":["https://cognitionconferences.com/environmentalscience/speaker/josef-krecek/"]}]},{"@type":"ImageObject","inLanguage":"en-US","@id":"https://cognitionconferences.com/environmentalscience/speaker/josef-krecek/#primaryimage","url":"https://cognitionconferences.com/environmentalscience/wp-content/uploads/2026/03/Josef-Krecek.jpg","contentUrl":"https://cognitionconferences.com/environmentalscience/wp-content/uploads/2026/03/Josef-Krecek.jpg","width":233,"height":320},{"@type":"BreadcrumbList","@id":"https://cognitionconferences.com/environmentalscience/speaker/josef-krecek/#breadcrumb","itemListElement":[{"@type":"ListItem","position":1,"name":"Home","item":"https://cognitionconferences.com/environmentalscience/"},{"@type":"ListItem","position":2,"name":"Josef Křeček"}]},{"@type":"WebSite","@id":"https://cognitionconferences.com/environmentalscience/#website","url":"https://cognitionconferences.com/environmentalscience/","name":"Cognition Conferences","description":"","potentialAction":[{"@type":"SearchAction","target":{"@type":"EntryPoint","urlTemplate":"https://cognitionconferences.com/environmentalscience/?s={search_term_string}"},"query-input":{"@type":"PropertyValueSpecification","valueRequired":true,"valueName":"search_term_string"}}],"inLanguage":"en-US"}]}</script>
<!-- / Yoast SEO plugin. -->

Josef Křeček | Czech Technical University in Prague | Czechia

Josef Křeček has completed his PhD at the age of 26 years from the Czech Technical University in Prague.
