{"id":5079,"date":"2026-04-16T20:22:35","date_gmt":"2026-04-16T20:22:35","guid":{"rendered":"https:\/\/cognitionconferences.com\/cancer\/?post_type=committee&#038;p=5079"},"modified":"2026-04-16T20:22:35","modified_gmt":"2026-04-16T20:22:35","slug":"jose-perez-cano","status":"publish","type":"committee","link":"https:\/\/cognitionconferences.com\/cancer\/committee\/jose-perez-cano\/","title":{"rendered":"Jose P\u00e9rez-Cano"},"content":{"rendered":"<p>Jose was born in Alcal\u00e1 la Real (Ja\u00e9n) in 2000. In 2018, he won several medals in physics and mathematics Olympiads and obtained an Honors Diploma in Baccalaureate. For the academic year 2018-19, he began his studies at CFIS with a CFIS tuition scholarship and a CFIS residency scholarship. In 2020, he was awarded a silver medal in the International Mathematical Competition and was a finalist in the International Data Analysis Olympiad in 2020 and 2022. During the 2019-20 academic year, he was a mentor for the Degree in Data Science and Engineering, and in 2020-21, he was a teacher at the Aula Lliure at the Faculty of Informatics of Barcelona. In the academic years 2021-22 and 2022-23, he conducted research at the University of Granada in collaboration with Northwestern University-Illinois (United States), publishing two articles in prestigious journals. From April 2022 to August 2022, he worked as a Computer Vision Consultant at Arcvi Data Agency. In the academic year 2022-23, he developed his Final Degree Project titled Automated detection of tumoral cells with graph neural networks at the Department of Signal Theory and Communications of the Polytechnic University of Catalonia. Finally, in June 2023, he graduated in Data Science and Engineering, ranking first in his class, and in Mathematics. He is currently working as a Machine Learning Engineer at El Ranchito Imagen Digital and at Nemeda Iparralde, in Madrid. He speaks Catalan, Spanish, and English. He enjoys the gym, reading, movies, cooking, and traveling. His name appears in the credits of the Oscar-nominated movie 2024: La Sociedad de la nieve in the Machine Learning section.<\/p>\n","protected":false},"featured_media":5080,"template":"","meta":{"_acf_changed":false},"class_list":["post-5079","committee","type-committee","status-publish","has-post-thumbnail","hentry"],"acf":[],"yoast_head":"<!-- This site is optimized with the Yoast SEO plugin v26.8 - https:\/\/yoast.com\/product\/yoast-seo-wordpress\/ -->\n<title>Jose P\u00e9rez-Cano - Cognition Conferences<\/title>\n<meta name=\"robots\" content=\"index, follow, max-snippet:-1, max-image-preview:large, max-video-preview:-1\" \/>\n<link rel=\"canonical\" href=\"https:\/\/cognitionconferences.com\/cancer\/committee\/jose-perez-cano\/\" \/>\n<meta property=\"og:locale\" content=\"en_US\" \/>\n<meta property=\"og:type\" content=\"article\" \/>\n<meta property=\"og:title\" content=\"Jose P\u00e9rez-Cano - Cognition Conferences\" \/>\n<meta property=\"og:description\" content=\"Jose was born in Alcal\u00e1 la Real (Ja\u00e9n) in 2000. In 2018, he won several medals in physics and mathematics Olympiads and obtained an Honors Diploma in Baccalaureate. For the academic year 2018-19, he began his studies at CFIS with a CFIS tuition scholarship and a CFIS residency scholarship. In 2020, he was awarded a [&hellip;]\" \/>\n<meta property=\"og:url\" content=\"https:\/\/cognitionconferences.com\/cancer\/committee\/jose-perez-cano\/\" \/>\n<meta property=\"og:site_name\" content=\"Cognition Conferences\" \/>\n<meta property=\"og:image\" content=\"https:\/\/cognitionconferences.com\/cancer\/wp-content\/uploads\/2026\/04\/jose-768x1024-1.jpg\" \/>\n\t<meta property=\"og:image:width\" content=\"768\" \/>\n\t<meta property=\"og:image:height\" content=\"1024\" \/>\n\t<meta property=\"og:image:type\" content=\"image\/jpeg\" \/>\n<meta name=\"twitter:card\" content=\"summary_large_image\" \/>\n<meta name=\"twitter:label1\" content=\"Est. reading time\" \/>\n\t<meta name=\"twitter:data1\" content=\"2 minutes\" \/>\n<script type=\"application\/ld+json\" class=\"yoast-schema-graph\">{\"@context\":\"https:\/\/schema.org\",\"@graph\":[{\"@type\":\"WebPage\",\"@id\":\"https:\/\/cognitionconferences.com\/cancer\/committee\/jose-perez-cano\/\",\"url\":\"https:\/\/cognitionconferences.com\/cancer\/committee\/jose-perez-cano\/\",\"name\":\"Jose P\u00e9rez-Cano - Cognition Conferences\",\"isPartOf\":{\"@id\":\"https:\/\/cognitionconferences.com\/cancer\/#website\"},\"primaryImageOfPage\":{\"@id\":\"https:\/\/cognitionconferences.com\/cancer\/committee\/jose-perez-cano\/#primaryimage\"},\"image\":{\"@id\":\"https:\/\/cognitionconferences.com\/cancer\/committee\/jose-perez-cano\/#primaryimage\"},\"thumbnailUrl\":\"https:\/\/cognitionconferences.com\/cancer\/wp-content\/uploads\/2026\/04\/jose-768x1024-1.jpg\",\"datePublished\":\"2026-04-16T20:22:35+00:00\",\"breadcrumb\":{\"@id\":\"https:\/\/cognitionconferences.com\/cancer\/committee\/jose-perez-cano\/#breadcrumb\"},\"inLanguage\":\"en-US\",\"potentialAction\":[{\"@type\":\"ReadAction\",\"target\":[\"https:\/\/cognitionconferences.com\/cancer\/committee\/jose-perez-cano\/\"]}]},{\"@type\":\"ImageObject\",\"inLanguage\":\"en-US\",\"@id\":\"https:\/\/cognitionconferences.com\/cancer\/committee\/jose-perez-cano\/#primaryimage\",\"url\":\"https:\/\/cognitionconferences.com\/cancer\/wp-content\/uploads\/2026\/04\/jose-768x1024-1.jpg\",\"contentUrl\":\"https:\/\/cognitionconferences.com\/cancer\/wp-content\/uploads\/2026\/04\/jose-768x1024-1.jpg\",\"width\":768,\"height\":1024},{\"@type\":\"BreadcrumbList\",\"@id\":\"https:\/\/cognitionconferences.com\/cancer\/committee\/jose-perez-cano\/#breadcrumb\",\"itemListElement\":[{\"@type\":\"ListItem\",\"position\":1,\"name\":\"Home\",\"item\":\"https:\/\/cognitionconferences.com\/cancer\/\"},{\"@type\":\"ListItem\",\"position\":2,\"name\":\"Jose P\u00e9rez-Cano\"}]},{\"@type\":\"WebSite\",\"@id\":\"https:\/\/cognitionconferences.com\/cancer\/#website\",\"url\":\"https:\/\/cognitionconferences.com\/cancer\/\",\"name\":\"Cognition Conferences\",\"description\":\"\",\"potentialAction\":[{\"@type\":\"SearchAction\",\"target\":{\"@type\":\"EntryPoint\",\"urlTemplate\":\"https:\/\/cognitionconferences.com\/cancer\/?s={search_term_string}\"},\"query-input\":{\"@type\":\"PropertyValueSpecification\",\"valueRequired\":true,\"valueName\":\"search_term_string\"}}],\"inLanguage\":\"en-US\"}]}<\/script>\n<!-- \/ Yoast SEO plugin. -->","yoast_head_json":{"title":"Jose P\u00e9rez-Cano - Cognition Conferences","robots":{"index":"index","follow":"follow","max-snippet":"max-snippet:-1","max-image-preview":"max-image-preview:large","max-video-preview":"max-video-preview:-1"},"canonical":"https:\/\/cognitionconferences.com\/cancer\/committee\/jose-perez-cano\/","og_locale":"en_US","og_type":"article","og_title":"Jose P\u00e9rez-Cano - Cognition Conferences","og_description":"Jose was born in Alcal\u00e1 la Real (Ja\u00e9n) in 2000. In 2018, he won several medals in physics and mathematics Olympiads and obtained an Honors Diploma in Baccalaureate. For the academic year 2018-19, he began his studies at CFIS with a CFIS tuition scholarship and a CFIS residency scholarship. In 2020, he was awarded a [&hellip;]","og_url":"https:\/\/cognitionconferences.com\/cancer\/committee\/jose-perez-cano\/","og_site_name":"Cognition Conferences","og_image":[{"width":768,"height":1024,"url":"https:\/\/cognitionconferences.com\/cancer\/wp-content\/uploads\/2026\/04\/jose-768x1024-1.jpg","type":"image\/jpeg"}],"twitter_card":"summary_large_image","twitter_misc":{"Est. reading time":"2 minutes"},"schema":{"@context":"https:\/\/schema.org","@graph":[{"@type":"WebPage","@id":"https:\/\/cognitionconferences.com\/cancer\/committee\/jose-perez-cano\/","url":"https:\/\/cognitionconferences.com\/cancer\/committee\/jose-perez-cano\/","name":"Jose P\u00e9rez-Cano - Cognition Conferences","isPartOf":{"@id":"https:\/\/cognitionconferences.com\/cancer\/#website"},"primaryImageOfPage":{"@id":"https:\/\/cognitionconferences.com\/cancer\/committee\/jose-perez-cano\/#primaryimage"},"image":{"@id":"https:\/\/cognitionconferences.com\/cancer\/committee\/jose-perez-cano\/#primaryimage"},"thumbnailUrl":"https:\/\/cognitionconferences.com\/cancer\/wp-content\/uploads\/2026\/04\/jose-768x1024-1.jpg","datePublished":"2026-04-16T20:22:35+00:00","breadcrumb":{"@id":"https:\/\/cognitionconferences.com\/cancer\/committee\/jose-perez-cano\/#breadcrumb"},"inLanguage":"en-US","potentialAction":[{"@type":"ReadAction","target":["https:\/\/cognitionconferences.com\/cancer\/committee\/jose-perez-cano\/"]}]},{"@type":"ImageObject","inLanguage":"en-US","@id":"https:\/\/cognitionconferences.com\/cancer\/committee\/jose-perez-cano\/#primaryimage","url":"https:\/\/cognitionconferences.com\/cancer\/wp-content\/uploads\/2026\/04\/jose-768x1024-1.jpg","contentUrl":"https:\/\/cognitionconferences.com\/cancer\/wp-content\/uploads\/2026\/04\/jose-768x1024-1.jpg","width":768,"height":1024},{"@type":"BreadcrumbList","@id":"https:\/\/cognitionconferences.com\/cancer\/committee\/jose-perez-cano\/#breadcrumb","itemListElement":[{"@type":"ListItem","position":1,"name":"Home","item":"https:\/\/cognitionconferences.com\/cancer\/"},{"@type":"ListItem","position":2,"name":"Jose P\u00e9rez-Cano"}]},{"@type":"WebSite","@id":"https:\/\/cognitionconferences.com\/cancer\/#website","url":"https:\/\/cognitionconferences.com\/cancer\/","name":"Cognition Conferences","description":"","potentialAction":[{"@type":"SearchAction","target":{"@type":"EntryPoint","urlTemplate":"https:\/\/cognitionconferences.com\/cancer\/?s={search_term_string}"},"query-input":{"@type":"PropertyValueSpecification","valueRequired":true,"valueName":"search_term_string"}}],"inLanguage":"en-US"}]}},"_links":{"self":[{"href":"https:\/\/cognitionconferences.com\/cancer\/wp-json\/wp\/v2\/committee\/5079","targetHints":{"allow":["GET"]}}],"collection":[{"href":"https:\/\/cognitionconferences.com\/cancer\/wp-json\/wp\/v2\/committee"}],"about":[{"href":"https:\/\/cognitionconferences.com\/cancer\/wp-json\/wp\/v2\/types\/committee"}],"wp:featuredmedia":[{"embeddable":true,"href":"https:\/\/cognitionconferences.com\/cancer\/wp-json\/wp\/v2\/media\/5080"}],"wp:attachment":[{"href":"https:\/\/cognitionconferences.com\/cancer\/wp-json\/wp\/v2\/media?parent=5079"}],"curies":[{"name":"wp","href":"https:\/\/api.w.org\/{rel}","templated":true}]}}

Jose Pérez-Cano

<p>Jose was born in Alcalá la Real (Jaén) in 2000. In 2018, he won several medals in physics and mathematics Olympiads and obtained an Honors Diploma in Baccalaureate. For the academic year 2018-19, he began his studies at CFIS with a CFIS tuition scholarship and a CFIS residency scholarship. In 2020, he was awarded a silver medal in the International Mathematical Competition and was a finalist in the International Data Analysis Olympiad in 2020 and 2022. During the 2019-20 academic year, he was a mentor for the Degree in Data Science and Engineering, and in 2020-21, he was a teacher at the Aula Lliure at the Faculty of Informatics of Barcelona. In the academic years 2021-22 and 2022-23, he conducted research at the University of Granada in collaboration with Northwestern University-Illinois (United States), publishing two articles in prestigious journals. From April 2022 to August 2022, he worked as a Computer Vision Consultant at Arcvi Data Agency. In the academic year 2022-23, he developed his Final Degree Project titled Automated detection of tumoral cells with graph neural networks at the Department of Signal Theory and Communications of the Polytechnic University of Catalonia. Finally, in June 2023, he graduated in Data Science and Engineering, ranking first in his class, and in Mathematics. He is currently working as a Machine Learning Engineer at El Ranchito Imagen Digital and at Nemeda Iparralde, in Madrid. He speaks Catalan, Spanish, and English. He enjoys the gym, reading, movies, cooking, and traveling. His name appears in the credits of the Oscar-nominated movie 2024: La Sociedad de la nieve in the Machine Learning section.</p>

<!-- This site is optimized with the Yoast SEO plugin v26.8 - https://yoast.com/product/yoast-seo-wordpress/ -->
<title>Jose Pérez-Cano - Cognition Conferences</title>
<meta name="robots" content="index, follow, max-snippet:-1, max-image-preview:large, max-video-preview:-1" />
<link rel="canonical" href="https://cognitionconferences.com/cancer/committee/jose-perez-cano/" />
<meta property="og:locale" content="en_US" />
<meta property="og:type" content="article" />
<meta property="og:title" content="Jose Pérez-Cano - Cognition Conferences" />
<meta property="og:description" content="Jose was born in Alcalá la Real (Jaén) in 2000. In 2018, he won several medals in physics and mathematics Olympiads and obtained an Honors Diploma in Baccalaureate. For the academic year 2018-19, he began his studies at CFIS with a CFIS tuition scholarship and a CFIS residency scholarship. In 2020, he was awarded a [&hellip;]" />
<meta property="og:url" content="https://cognitionconferences.com/cancer/committee/jose-perez-cano/" />
<meta property="og:site_name" content="Cognition Conferences" />
<meta property="og:image" content="https://cognitionconferences.com/cancer/wp-content/uploads/2026/04/jose-768x1024-1.jpg" />
	<meta property="og:image:width" content="768" />
	<meta property="og:image:height" content="1024" />
	<meta property="og:image:type" content="image/jpeg" />
<meta name="twitter:card" content="summary_large_image" />
<meta name="twitter:label1" content="Est. reading time" />
	<meta name="twitter:data1" content="2 minutes" />
<script type="application/ld+json" class="yoast-schema-graph">{"@context":"https://schema.org","@graph":[{"@type":"WebPage","@id":"https://cognitionconferences.com/cancer/committee/jose-perez-cano/","url":"https://cognitionconferences.com/cancer/committee/jose-perez-cano/","name":"Jose Pérez-Cano - Cognition Conferences","isPartOf":{"@id":"https://cognitionconferences.com/cancer/#website"},"primaryImageOfPage":{"@id":"https://cognitionconferences.com/cancer/committee/jose-perez-cano/#primaryimage"},"image":{"@id":"https://cognitionconferences.com/cancer/committee/jose-perez-cano/#primaryimage"},"thumbnailUrl":"https://cognitionconferences.com/cancer/wp-content/uploads/2026/04/jose-768x1024-1.jpg","datePublished":"2026-04-16T20:22:35+00:00","breadcrumb":{"@id":"https://cognitionconferences.com/cancer/committee/jose-perez-cano/#breadcrumb"},"inLanguage":"en-US","potentialAction":[{"@type":"ReadAction","target":["https://cognitionconferences.com/cancer/committee/jose-perez-cano/"]}]},{"@type":"ImageObject","inLanguage":"en-US","@id":"https://cognitionconferences.com/cancer/committee/jose-perez-cano/#primaryimage","url":"https://cognitionconferences.com/cancer/wp-content/uploads/2026/04/jose-768x1024-1.jpg","contentUrl":"https://cognitionconferences.com/cancer/wp-content/uploads/2026/04/jose-768x1024-1.jpg","width":768,"height":1024},{"@type":"BreadcrumbList","@id":"https://cognitionconferences.com/cancer/committee/jose-perez-cano/#breadcrumb","itemListElement":[{"@type":"ListItem","position":1,"name":"Home","item":"https://cognitionconferences.com/cancer/"},{"@type":"ListItem","position":2,"name":"Jose Pérez-Cano"}]},{"@type":"WebSite","@id":"https://cognitionconferences.com/cancer/#website","url":"https://cognitionconferences.com/cancer/","name":"Cognition Conferences","description":"","potentialAction":[{"@type":"SearchAction","target":{"@type":"EntryPoint","urlTemplate":"https://cognitionconferences.com/cancer/?s={search_term_string}"},"query-input":{"@type":"PropertyValueSpecification","valueRequired":true,"valueName":"search_term_string"}}],"inLanguage":"en-US"}]}</script>
<!-- / Yoast SEO plugin. -->

Jose Pérez-Cano - Cognition Conferences

Jose was born in Alcalá la Real (Jaén) in 2000. In 2018, he won several medals in physics and mathematics Olympiads and obtained an Honors Diploma in Baccalaureate. For the academic year 2018-19, he began his studies at CFIS with a CFIS tuition scholarship and a CFIS residency scholarship. In 2020, he was awarded a [&hellip;]
