{"id":5134,"date":"2026-01-13T06:57:37","date_gmt":"2026-01-13T06:57:37","guid":{"rendered":"https:\/\/cognitionconferences.com\/artificialintelligence\/?post_type=committee&#038;p=5134"},"modified":"2026-01-13T06:57:37","modified_gmt":"2026-01-13T06:57:37","slug":"fabricio-pereira-harter","status":"publish","type":"committee","link":"https:\/\/cognitionconferences.com\/artificialintelligence\/committee\/fabricio-pereira-harter\/","title":{"rendered":"Fabr\u00edcio Pereira H\u00e4rter"},"content":{"rendered":"<p>Fabr\u00edcio Pereira H\u00e4rter has completed his PhD at the age of 31 years from National Institute for Space Research-Brazil and postdoctoral studies from University of Waterloo-Canada School of Chemistry. He is the Professor of Federal University of Pelotas, School of Meteorology. He has published more than 35 papers in reputed journals and has been serving as an editorial board member of repute.<\/p>\n","protected":false},"featured_media":5058,"template":"","meta":{"_acf_changed":false},"class_list":["post-5134","committee","type-committee","status-publish","has-post-thumbnail","hentry"],"acf":[],"yoast_head":"<!-- This site is optimized with the Yoast SEO plugin v26.7 - https:\/\/yoast.com\/wordpress\/plugins\/seo\/ -->\n<title>Fabr\u00edcio Pereira H\u00e4rter - Cognition Conferences<\/title>\n<meta name=\"robots\" content=\"index, follow, max-snippet:-1, max-image-preview:large, max-video-preview:-1\" \/>\n<link rel=\"canonical\" href=\"https:\/\/cognitionconferences.com\/artificialintelligence\/committee\/fabricio-pereira-harter\/\" \/>\n<meta property=\"og:locale\" content=\"en_US\" \/>\n<meta property=\"og:type\" content=\"article\" \/>\n<meta property=\"og:title\" content=\"Fabr\u00edcio Pereira H\u00e4rter - Cognition Conferences\" \/>\n<meta property=\"og:description\" content=\"Fabr\u00edcio Pereira H\u00e4rter has completed his PhD at the age of 31 years from National Institute for Space Research-Brazil and postdoctoral studies from University of Waterloo-Canada School of Chemistry. He is the Professor of Federal University of Pelotas, School of Meteorology. He has published more than 35 papers in reputed journals and has been serving [&hellip;]\" \/>\n<meta property=\"og:url\" content=\"https:\/\/cognitionconferences.com\/artificialintelligence\/committee\/fabricio-pereira-harter\/\" \/>\n<meta property=\"og:site_name\" content=\"Cognition Conferences\" \/>\n<meta property=\"og:image\" content=\"https:\/\/cognitionconferences.com\/artificialintelligence\/wp-content\/uploads\/2026\/01\/Fabricio.jpg\" \/>\n\t<meta property=\"og:image:width\" content=\"1600\" \/>\n\t<meta property=\"og:image:height\" content=\"1518\" \/>\n\t<meta property=\"og:image:type\" content=\"image\/jpeg\" \/>\n<meta name=\"twitter:card\" content=\"summary_large_image\" \/>\n<script type=\"application\/ld+json\" class=\"yoast-schema-graph\">{\"@context\":\"https:\/\/schema.org\",\"@graph\":[{\"@type\":\"WebPage\",\"@id\":\"https:\/\/cognitionconferences.com\/artificialintelligence\/committee\/fabricio-pereira-harter\/\",\"url\":\"https:\/\/cognitionconferences.com\/artificialintelligence\/committee\/fabricio-pereira-harter\/\",\"name\":\"Fabr\u00edcio Pereira H\u00e4rter - Cognition Conferences\",\"isPartOf\":{\"@id\":\"https:\/\/cognitionconferences.com\/artificialintelligence\/#website\"},\"primaryImageOfPage\":{\"@id\":\"https:\/\/cognitionconferences.com\/artificialintelligence\/committee\/fabricio-pereira-harter\/#primaryimage\"},\"image\":{\"@id\":\"https:\/\/cognitionconferences.com\/artificialintelligence\/committee\/fabricio-pereira-harter\/#primaryimage\"},\"thumbnailUrl\":\"https:\/\/cognitionconferences.com\/artificialintelligence\/wp-content\/uploads\/2026\/01\/Fabricio.jpg\",\"datePublished\":\"2026-01-13T06:57:37+00:00\",\"breadcrumb\":{\"@id\":\"https:\/\/cognitionconferences.com\/artificialintelligence\/committee\/fabricio-pereira-harter\/#breadcrumb\"},\"inLanguage\":\"en-US\",\"potentialAction\":[{\"@type\":\"ReadAction\",\"target\":[\"https:\/\/cognitionconferences.com\/artificialintelligence\/committee\/fabricio-pereira-harter\/\"]}]},{\"@type\":\"ImageObject\",\"inLanguage\":\"en-US\",\"@id\":\"https:\/\/cognitionconferences.com\/artificialintelligence\/committee\/fabricio-pereira-harter\/#primaryimage\",\"url\":\"https:\/\/cognitionconferences.com\/artificialintelligence\/wp-content\/uploads\/2026\/01\/Fabricio.jpg\",\"contentUrl\":\"https:\/\/cognitionconferences.com\/artificialintelligence\/wp-content\/uploads\/2026\/01\/Fabricio.jpg\",\"width\":1600,\"height\":1518},{\"@type\":\"BreadcrumbList\",\"@id\":\"https:\/\/cognitionconferences.com\/artificialintelligence\/committee\/fabricio-pereira-harter\/#breadcrumb\",\"itemListElement\":[{\"@type\":\"ListItem\",\"position\":1,\"name\":\"Home\",\"item\":\"https:\/\/cognitionconferences.com\/artificialintelligence\/\"},{\"@type\":\"ListItem\",\"position\":2,\"name\":\"Fabr\u00edcio Pereira H\u00e4rter\"}]},{\"@type\":\"WebSite\",\"@id\":\"https:\/\/cognitionconferences.com\/artificialintelligence\/#website\",\"url\":\"https:\/\/cognitionconferences.com\/artificialintelligence\/\",\"name\":\"Cognition Conferences\",\"description\":\"\",\"potentialAction\":[{\"@type\":\"SearchAction\",\"target\":{\"@type\":\"EntryPoint\",\"urlTemplate\":\"https:\/\/cognitionconferences.com\/artificialintelligence\/?s={search_term_string}\"},\"query-input\":{\"@type\":\"PropertyValueSpecification\",\"valueRequired\":true,\"valueName\":\"search_term_string\"}}],\"inLanguage\":\"en-US\"}]}<\/script>\n<!-- \/ Yoast SEO plugin. -->","yoast_head_json":{"title":"Fabr\u00edcio Pereira H\u00e4rter - Cognition Conferences","robots":{"index":"index","follow":"follow","max-snippet":"max-snippet:-1","max-image-preview":"max-image-preview:large","max-video-preview":"max-video-preview:-1"},"canonical":"https:\/\/cognitionconferences.com\/artificialintelligence\/committee\/fabricio-pereira-harter\/","og_locale":"en_US","og_type":"article","og_title":"Fabr\u00edcio Pereira H\u00e4rter - Cognition Conferences","og_description":"Fabr\u00edcio Pereira H\u00e4rter has completed his PhD at the age of 31 years from National Institute for Space Research-Brazil and postdoctoral studies from University of Waterloo-Canada School of Chemistry. He is the Professor of Federal University of Pelotas, School of Meteorology. He has published more than 35 papers in reputed journals and has been serving [&hellip;]","og_url":"https:\/\/cognitionconferences.com\/artificialintelligence\/committee\/fabricio-pereira-harter\/","og_site_name":"Cognition Conferences","og_image":[{"width":1600,"height":1518,"url":"https:\/\/cognitionconferences.com\/artificialintelligence\/wp-content\/uploads\/2026\/01\/Fabricio.jpg","type":"image\/jpeg"}],"twitter_card":"summary_large_image","schema":{"@context":"https:\/\/schema.org","@graph":[{"@type":"WebPage","@id":"https:\/\/cognitionconferences.com\/artificialintelligence\/committee\/fabricio-pereira-harter\/","url":"https:\/\/cognitionconferences.com\/artificialintelligence\/committee\/fabricio-pereira-harter\/","name":"Fabr\u00edcio Pereira H\u00e4rter - Cognition Conferences","isPartOf":{"@id":"https:\/\/cognitionconferences.com\/artificialintelligence\/#website"},"primaryImageOfPage":{"@id":"https:\/\/cognitionconferences.com\/artificialintelligence\/committee\/fabricio-pereira-harter\/#primaryimage"},"image":{"@id":"https:\/\/cognitionconferences.com\/artificialintelligence\/committee\/fabricio-pereira-harter\/#primaryimage"},"thumbnailUrl":"https:\/\/cognitionconferences.com\/artificialintelligence\/wp-content\/uploads\/2026\/01\/Fabricio.jpg","datePublished":"2026-01-13T06:57:37+00:00","breadcrumb":{"@id":"https:\/\/cognitionconferences.com\/artificialintelligence\/committee\/fabricio-pereira-harter\/#breadcrumb"},"inLanguage":"en-US","potentialAction":[{"@type":"ReadAction","target":["https:\/\/cognitionconferences.com\/artificialintelligence\/committee\/fabricio-pereira-harter\/"]}]},{"@type":"ImageObject","inLanguage":"en-US","@id":"https:\/\/cognitionconferences.com\/artificialintelligence\/committee\/fabricio-pereira-harter\/#primaryimage","url":"https:\/\/cognitionconferences.com\/artificialintelligence\/wp-content\/uploads\/2026\/01\/Fabricio.jpg","contentUrl":"https:\/\/cognitionconferences.com\/artificialintelligence\/wp-content\/uploads\/2026\/01\/Fabricio.jpg","width":1600,"height":1518},{"@type":"BreadcrumbList","@id":"https:\/\/cognitionconferences.com\/artificialintelligence\/committee\/fabricio-pereira-harter\/#breadcrumb","itemListElement":[{"@type":"ListItem","position":1,"name":"Home","item":"https:\/\/cognitionconferences.com\/artificialintelligence\/"},{"@type":"ListItem","position":2,"name":"Fabr\u00edcio Pereira H\u00e4rter"}]},{"@type":"WebSite","@id":"https:\/\/cognitionconferences.com\/artificialintelligence\/#website","url":"https:\/\/cognitionconferences.com\/artificialintelligence\/","name":"Cognition Conferences","description":"","potentialAction":[{"@type":"SearchAction","target":{"@type":"EntryPoint","urlTemplate":"https:\/\/cognitionconferences.com\/artificialintelligence\/?s={search_term_string}"},"query-input":{"@type":"PropertyValueSpecification","valueRequired":true,"valueName":"search_term_string"}}],"inLanguage":"en-US"}]}},"_links":{"self":[{"href":"https:\/\/cognitionconferences.com\/artificialintelligence\/wp-json\/wp\/v2\/committee\/5134","targetHints":{"allow":["GET"]}}],"collection":[{"href":"https:\/\/cognitionconferences.com\/artificialintelligence\/wp-json\/wp\/v2\/committee"}],"about":[{"href":"https:\/\/cognitionconferences.com\/artificialintelligence\/wp-json\/wp\/v2\/types\/committee"}],"wp:featuredmedia":[{"embeddable":true,"href":"https:\/\/cognitionconferences.com\/artificialintelligence\/wp-json\/wp\/v2\/media\/5058"}],"wp:attachment":[{"href":"https:\/\/cognitionconferences.com\/artificialintelligence\/wp-json\/wp\/v2\/media?parent=5134"}],"curies":[{"name":"wp","href":"https:\/\/api.w.org\/{rel}","templated":true}]}}

Fabrício Pereira Härter

<p>Fabrício Pereira Härter has completed his PhD at the age of 31 years from National Institute for Space Research-Brazil and postdoctoral studies from University of Waterloo-Canada School of Chemistry. He is the Professor of Federal University of Pelotas, School of Meteorology. He has published more than 35 papers in reputed journals and has been serving as an editorial board member of repute.</p>

<!-- This site is optimized with the Yoast SEO plugin v26.7 - https://yoast.com/wordpress/plugins/seo/ -->
<title>Fabrício Pereira Härter - Cognition Conferences</title>
<meta name="robots" content="index, follow, max-snippet:-1, max-image-preview:large, max-video-preview:-1" />
<link rel="canonical" href="https://cognitionconferences.com/artificialintelligence/committee/fabricio-pereira-harter/" />
<meta property="og:locale" content="en_US" />
<meta property="og:type" content="article" />
<meta property="og:title" content="Fabrício Pereira Härter - Cognition Conferences" />
<meta property="og:description" content="Fabrício Pereira Härter has completed his PhD at the age of 31 years from National Institute for Space Research-Brazil and postdoctoral studies from University of Waterloo-Canada School of Chemistry. He is the Professor of Federal University of Pelotas, School of Meteorology. He has published more than 35 papers in reputed journals and has been serving [&hellip;]" />
<meta property="og:url" content="https://cognitionconferences.com/artificialintelligence/committee/fabricio-pereira-harter/" />
<meta property="og:site_name" content="Cognition Conferences" />
<meta property="og:image" content="https://cognitionconferences.com/artificialintelligence/wp-content/uploads/2026/01/Fabricio.jpg" />
	<meta property="og:image:width" content="1600" />
	<meta property="og:image:height" content="1518" />
	<meta property="og:image:type" content="image/jpeg" />
<meta name="twitter:card" content="summary_large_image" />
<script type="application/ld+json" class="yoast-schema-graph">{"@context":"https://schema.org","@graph":[{"@type":"WebPage","@id":"https://cognitionconferences.com/artificialintelligence/committee/fabricio-pereira-harter/","url":"https://cognitionconferences.com/artificialintelligence/committee/fabricio-pereira-harter/","name":"Fabrício Pereira Härter - Cognition Conferences","isPartOf":{"@id":"https://cognitionconferences.com/artificialintelligence/#website"},"primaryImageOfPage":{"@id":"https://cognitionconferences.com/artificialintelligence/committee/fabricio-pereira-harter/#primaryimage"},"image":{"@id":"https://cognitionconferences.com/artificialintelligence/committee/fabricio-pereira-harter/#primaryimage"},"thumbnailUrl":"https://cognitionconferences.com/artificialintelligence/wp-content/uploads/2026/01/Fabricio.jpg","datePublished":"2026-01-13T06:57:37+00:00","breadcrumb":{"@id":"https://cognitionconferences.com/artificialintelligence/committee/fabricio-pereira-harter/#breadcrumb"},"inLanguage":"en-US","potentialAction":[{"@type":"ReadAction","target":["https://cognitionconferences.com/artificialintelligence/committee/fabricio-pereira-harter/"]}]},{"@type":"ImageObject","inLanguage":"en-US","@id":"https://cognitionconferences.com/artificialintelligence/committee/fabricio-pereira-harter/#primaryimage","url":"https://cognitionconferences.com/artificialintelligence/wp-content/uploads/2026/01/Fabricio.jpg","contentUrl":"https://cognitionconferences.com/artificialintelligence/wp-content/uploads/2026/01/Fabricio.jpg","width":1600,"height":1518},{"@type":"BreadcrumbList","@id":"https://cognitionconferences.com/artificialintelligence/committee/fabricio-pereira-harter/#breadcrumb","itemListElement":[{"@type":"ListItem","position":1,"name":"Home","item":"https://cognitionconferences.com/artificialintelligence/"},{"@type":"ListItem","position":2,"name":"Fabrício Pereira Härter"}]},{"@type":"WebSite","@id":"https://cognitionconferences.com/artificialintelligence/#website","url":"https://cognitionconferences.com/artificialintelligence/","name":"Cognition Conferences","description":"","potentialAction":[{"@type":"SearchAction","target":{"@type":"EntryPoint","urlTemplate":"https://cognitionconferences.com/artificialintelligence/?s={search_term_string}"},"query-input":{"@type":"PropertyValueSpecification","valueRequired":true,"valueName":"search_term_string"}}],"inLanguage":"en-US"}]}</script>
<!-- / Yoast SEO plugin. -->

Fabrício Pereira Härter - Cognition Conferences

Fabrício Pereira Härter has completed his PhD at the age of 31 years from National Institute for Space Research-Brazil and postdoctoral studies from University of Waterloo-Canada School of Chemistry. He is the Professor of Federal University of Pelotas, School of Meteorology. He has published more than 35 papers in reputed journals and has been serving [&hellip;]
